1
Let p = -54 + 66. What is the units digit of p?
2
Suppose -4*v - v = q - 15, 3*v + 129 = 4*q. What is the units digit of q?
0
Let a = 241 + -64. What is the tens digit of a?
7
Let r = 129 + -71. What is the units digit of r?
8
Suppose 168 = -3*q + 17*q. What is the tens digit of q?
1
Suppose -135 = -11*r + 6*r. What is the tens digit of r?
2
Let i(b) = -2*b**3 - 10*b**2 - 11*b - 11. What is the tens digit of i(-7)?
6
Let s be (-1)/2 - (-74)/4. Let m = 4 + -7. What is the units digit of (4/m)/((-2)/s)?
2
Suppose 3*d + 5 = -4. What is the tens digit of -14*(-4)/(-12)*d?
1
Let z be 3/(-1 + 31/34). Let u = 48 + z. What is the units digit of u?
4
Let r(y) = y**2 - 2*y - 4. Let f be r(3). Let k = 4 + f. Suppose -m - 4*m - k*o = -8, -2*m - 2*o = 0. What is the units digit of m?
4
Let k(f) = f**3 + 4*f**2 - 5. Let v be k(-3). Suppose 1 - v = -3*a. What is the units digit of a?
1
Suppose 6 = 2*p - 102. Suppose -54 = -5*w - 0*a - 4*a, -3*a - p = -3*w. What is the units digit of w?
4
Let l = 2 + 0. Let i = l - 0. Let b = 6 + i. What is the units digit of b?
8
Let z be ((-78)/5)/(2/10). Let q = 109 + z. What is the units digit of q?
1
What is the tens digit of 75 + 0/(-1) + 4?
7
Let h = 1 - -56. What is the tens digit of h?
5
Suppose -r + 1 = 4, 3*d + 6 = -4*r. What is the units digit of (-6 + 56)/(-1 + d)?
0
Let c be 4/(-10) + 24/(-15). Let t = c + 3. What is the units digit of t?
1
Let m(a) be the second derivative of -a**5/20 - a**4/4 + a**3 - 7*a**2/2 - a. Let k be 4/(-5) + 21/(-5). What is the tens digit of m(k)?
1
Let t = 1 + 4. Suppose -t*f - 8 = -3. Let q = f - -4. What is the units digit of q?
3
Let c = -2 + 12. Suppose -k + c = k. Suppose 5*s = 5 + k. What is the units digit of s?
2
Let i = -100 + 148. What is the tens digit of i?
4
Let s be (1/(-3))/((-1)/(-3)). Let a = 3 + s. Suppose 12 = 4*g + 2*w, 4*g - a*w - 10 = 2. What is the units digit of g?
3
Suppose 0*h = -6*h + 114. What is the tens digit of h?
1
What is the tens digit of ((-15)/9 - -1) + (-1060)/(-15)?
7
Suppose -5*d = -4*o - 39, -6*d + 3*d - 3*o = -18. Let w = -4 + d. Let v = 0 + w. What is the units digit of v?
3
Let b be 484/10 - 12/30. Suppose 3*c = 4*v - b, 7*c - 2*c - 50 = -2*v. What is the units digit of v?
5
Let s = -23 + 142. What is the hundreds digit of s?
1
Suppose f = -3*p - 0*f + 40, 5*p - 40 = 5*f. What is the tens digit of p?
1
Let i be (-2)/(-8)*-2*0. Let p(v) = v - 6. Let j be p(8). Suppose i = -7*r + j*r + 20. What is the units digit of r?
4
Let j(k) = k**3 - 4*k**2 + k + 1. Let o be j(3). Let r = o + 9. Suppose -r*i = -27 - 41. What is the tens digit of i?
1
Suppose -3*s - 41 = -3*v + v, -2*v - 2*s = -46. What is the units digit of v?
2
Suppose -2*g - 2*g = -4*p, -5*g + 4 = -p. Let w be -1 - (5 + g)*-1. Suppose 17 = -w*b + 57. What is the units digit of b?
8
Let t = -10 - -47. What is the tens digit of t?
3
Suppose 0 = -p + 2. What is the units digit of p?
2
Let c = 134 + -80. Suppose -c = -4*j + j. What is the units digit of j?
8
Let j(v) = v**2 + 3 + 0*v**2 - v - 4*v. Let h be j(2). Let n = h - -4. What is the units digit of n?
1
Let m(y) = y**3 - 3*y**2 + 2*y - 3. Let x be m(2). Suppose -6*n - 10 = -5*n. Let d = x - n. What is the units digit of d?
7
Let o be (1 + (-2)/5)*5. Suppose -o*z + 2 = w, 0*z + 29 = 5*w - 4*z. What is the units digit of w?
5
Suppose -x - x = -4. Let z = 4 - x. What is the units digit of z?
2
Let w = -23 - -23. Suppose 0 = d + 4*q - 9 - 2, w = -2*d + 5*q + 61. What is the tens digit of d?
2
Suppose 3*d + 3*k + k = -16, -5*k = -d + 20. Suppose d = -0*w - 4*w - 8. What is the units digit of w*(-9)/(-6)*-3?
9
Let r(h) = -h**2 - h - 11. Let v(b) = b**2 + b + 12. Let l(y) = 2*r(y) + 3*v(y). What is the units digit of l(0)?
4
Let y(r) = r**2 + 2*r - 52. What is the tens digit of y(12)?
1
Let q(k) = 2*k**2 + 7*k. What is the units digit of q(-4)?
4
Let p = -64 - -118. What is the units digit of p?
4
Let r(p) = p. Let t(l) = 2*l + 3. Suppose 0*d - 8 = -2*d. Let i(g) = d*r(g) - t(g). What is the units digit of i(2)?
1
Let t(u) be the third derivative of u**6/120 - 3*u**5/20 + 3*u**4/8 - u**3/6 - u**2. What is the units digit of t(8)?
7
Let r = -4 - -9. Suppose r*y + 12 = -4*d, -4*d = -2*y - 3*y + 12. Let l = 5 - y. What is the units digit of l?
5
Let v(t) = t**3 + 8*t**2 + 6*t - 6. Let f be v(-7). Let x = -3 + f. What is the units digit of ((-3)/4)/(x/16)?
6
Let t(w) = 1 + 0 - w + w - 16*w. What is the tens digit of t(-3)?
4
Suppose -3*k + 26 = -5*s, 4*k - 2*k + 3*s = -8. Let b = 10 - k. Let y = b + -4. What is the units digit of y?
4
Let w(d) = -d**3 - 2*d**2 - 9*d - 4. Let x be w(-4). Let k = 91 - x. What is the units digit of k?
7
Suppose -3*d = -55 - 134. What is the tens digit of d?
6
Let z(v) = -v**3 + 11*v**2 - 16*v + 9. What is the units digit of z(8)?
3
Let p(z) be the first derivative of 2*z**3/3 + 3*z**2/2 - 3*z + 1. Let n be p(-3). Suppose r = 4, 2*q + r + 36 = n*q. What is the units digit of q?
0
Suppose 4*m = 4*k - 68, -2*m + 92 = -4*k + 8*k. What is the units digit of k?
1
Let p(u) = 11*u - 45. What is the units digit of p(20)?
5
Suppose 120 = -2*i + 7*i. Let o = -2 - -4. Suppose 6*q - i = o*q. What is the units digit of q?
6
Suppose -5*w - 2 - 13 = 0. Let n(z) = -3 + z + 4 + 3. What is the units digit of n(w)?
1
Suppose 4*f + 268 = 4*s, 3*s + 4*f = 219 - 39. Suppose s = 3*r - 5*k, -2*r + 21 = -k + 2*k. What is the tens digit of r?
1
Suppose -3*l - 69 = -3*y, -y + 3*l + 19 = -2*l. Suppose -3*d - d = -y. Let j = 1 + d. What is the units digit of j?
7
Let g be (128/(-24))/(4/(-42)). What is the tens digit of 2 - (-3 - g/2)?
3
Suppose -3*s - 4*t - 38 = -205, 0 = -4*s - 5*t + 222. Suppose 5*n + 9 = c, 4*c - n - s = 2*n. What is the units digit of c?
4
Let m(x) = x**3 + 2*x**2 - 2*x + 2. What is the units digit of m(-2)?
6
Let x(w) = -7*w**3 + 10*w**2 - 13*w - 4. Let g(i) = -15*i**3 + 20*i**2 - 26*i - 9. Let j(u) = 6*g(u) - 13*x(u). What is the tens digit of j(9)?
3
Suppose g = f + f - 125, 0 = 2*f - 2*g - 122. What is the tens digit of f?
6
Suppose 3*n + 12 = 0, -3*a + 0*n + 33 = 3*n. What is the tens digit of ((-20)/a)/((-1)/24)?
3
Suppose 39 = -0*r - 3*r. Let i = 17 + r. What is the units digit of i?
4
Let d = -144 - -208. What is the tens digit of d?
6
What is the units digit of (-6 + 1)/(13/(-598))?
0
Let a(s) = -4*s + 11. Let c be 2/4 - 39/6. What is the units digit of a(c)?
5
Let m be (-48)/26 - (-10)/(-65). What is the units digit of (2/6)/(m/(-222))?
7
Let j(t) = t**3 - 11*t**2 + 2*t - 6. Let z be j(11). Let c = 23 - z. What is the units digit of c?
7
Let l(q) = -3*q**3 + q**2. Suppose 5*w + 2*i = -9, 5*w + i - 3 = 5*i. What is the units digit of l(w)?
4
Let y be (35 - 6/(-3))*1. Let c = y + -19. What is the units digit of c?
8
Let n = -1 - -10. Let h be ((-3)/2)/(n/(-12)). Suppose -c - h*c + 6 = 0. What is the units digit of c?
2
Let w = 6 - 3. Suppose z + w*z = 24. Let q = -4 + z. What is the units digit of q?
2
What is the units digit of 2*((-5)/(-3) - 11/66)?
3
Let r = 9 + -14. Suppose -22*j + 23*j = -18. Let b = r - j. What is the tens digit of b?
1
Let q = 15 - -15. What is the tens digit of q?
3
Let f = -26 + 47. Suppose -4*o = -4*h - 0*h - 144, -4*o - 2*h = -150. Let b = o - f. What is the tens digit of b?
1
Suppose -11 = -7*q + 45. What is the units digit of q?
8
Let w(v) = 111*v**2 + 2*v - 2. What is the units digit of w(1)?
1
Let g(i) = 3*i. Let b be g(1). Suppose 0 = -h + 4*a + 18, 3*h - h - 58 = -b*a. What is the units digit of h?
6
Suppose 6 = -5*y + 231. What is the tens digit of y?
4
Let v be (-1)/(1/(-22 - -1)). Suppose 2*i = i + v. Suppose 27 + i = 4*p. What is the units digit of p?
2
Let t(n) = 22*n**2 - 1. What is the tens digit of t(1)?
2
Suppose 2*q = -2*t, -q + 3*t - 6*t = -10. Let z = q - 3. What is the units digit of z/(-20) + 3/5?
1
Suppose 2*f = -f. Suppose x + 46 + 6 = f. What is the tens digit of 2/(2/x*-4)?
1
Let o = 11 + -17. Suppose 0 = 15*d - 16*d - 2. What is the units digit of d/6*72/o?
4
Let p(z) be the first derivative of -z**4/4 + z**3 + 2*z - 3. Let n = 0 - -3. What is the units digit of p(n)?
2
Let z = -21 + 35. What is the units digit of z?
4
Let s(x) = -x**3 - x**2 + 3*x - 4. Suppose 0 = 2*i - 0 + 6. Let n be s(i). Suppose -6*l + 5*f + 35 = -l, 0 = n*f + 20. What is the units di